{"id":5309,"date":"2021-05-05T15:43:46","date_gmt":"2021-05-05T13:43:46","guid":{"rendered":"https:\/\/phyto.bod-demo.fr\/?page_id=5309"},"modified":"2022-01-27T14:36:03","modified_gmt":"2022-01-27T13:36:03","slug":"myslalem-ze-jestem-bezpieczny","status":"publish","type":"page","link":"https:\/\/webserie.phyto-victimes.eu\/pl\/odcinki\/myslalem-ze-jestem-bezpieczny\/","title":{"rendered":"My\u015bla\u0142em, \u017ce jestem bezpieczny\u2026"},"content":{"rendered":"<section class=\"kc-elm kc-css-554129 kc_row v2_feature_section6\"><div class=\"kc-row-container  kc-container\"><div class=\"kc-wrap-columns\"><div class=\"kc-elm kc-css-7779 kc_col-sm-12 kc-animated kc-animate-eff-fadeIn kc_column kc_col-sm-12\"><div class=\"kc-col-container\"><div class=\"kc-elm kc-css-755650 kc_text_block content-text\"><\/p>\n<h4>Masowe stosowanie pestycyd\u00f3w jest wynikiem wyboru spo\u0142ecznego dokonanego po II wojnie \u015bwiatowej, kiedy to produkcja rolna nie by\u0142a wystarczaj\u0105ca, aby wy\u017cywi\u0107 ca\u0142\u0105 populacj\u0119.<\/h4>\n<p>Dzi\u015b jednak priorytety si\u0119 zmieni\u0142y i wszyscy troszczymy si\u0119 o nasze zdrowie i \u015brodowisko.<\/p>\n<p>Ro\u015bnie \u015bwiadomo\u015b\u0107 faktu, \u017ce pestycydy powoduj\u0105 choroby i zabijaj\u0105. Dlaczego wi\u0119c tak trudno jest nam wydosta\u0107 si\u0119 z tej sytuacji?<\/p>\n<p>Zastan\u00f3wmy si\u0119 nad naszymi codziennymi dzia\u0142aniami i zobowi\u0105zaniami: co mo\u017cemy zrobi\u0107, aby chroni\u0107 siebie i unikn\u0105\u0107 kolejnych tragedii?<\/p>\n<p>\n<\/div><\/div><\/div><\/div><\/div><\/section>\n","protected":false},"excerpt":{"rendered":"","protected":false},"author":1,"featured_media":4972,"parent":5167,"menu_order":0,"comment_status":"closed","ping_status":"closed","template":"page-episode.php","meta":[],"_links":{"self":[{"href":"https:\/\/webserie.phyto-victimes.eu\/pl\/wp-json\/wp\/v2\/pages\/5309"}],"collection":[{"href":"https:\/\/webserie.phyto-victimes.eu\/pl\/wp-json\/wp\/v2\/pages"}],"about":[{"href":"https:\/\/webserie.phyto-victimes.eu\/pl\/wp-json\/wp\/v2\/types\/page"}],"author":[{"embeddable":true,"href":"https:\/\/webserie.phyto-victimes.eu\/pl\/wp-json\/wp\/v2\/users\/1"}],"replies":[{"embeddable":true,"href":"https:\/\/webserie.phyto-victimes.eu\/pl\/wp-json\/wp\/v2\/comments?post=5309"}],"version-history":[{"count":6,"href":"https:\/\/webserie.phyto-victimes.eu\/pl\/wp-json\/wp\/v2\/pages\/5309\/revisions"}],"predecessor-version":[{"id":6703,"href":"https:\/\/webserie.phyto-victimes.eu\/pl\/wp-json\/wp\/v2\/pages\/5309\/revisions\/6703"}],"up":[{"embeddable":true,"href":"https:\/\/webserie.phyto-victimes.eu\/pl\/wp-json\/wp\/v2\/pages\/5167"}],"wp:featuredmedia":[{"embeddable":true,"href":"https:\/\/webserie.phyto-victimes.eu\/pl\/wp-json\/wp\/v2\/media\/4972"}],"wp:attachment":[{"href":"https:\/\/webserie.phyto-victimes.eu\/pl\/wp-json\/wp\/v2\/media?parent=5309"}],"curies":[{"name":"wp","href":"https:\/\/api.w.org\/{rel}","templated":true}]}}

Myślałem, że jestem bezpieczny…

<section class="kc-elm kc-css-554129 kc_row v2_feature_section6"><div class="kc-row-container  kc-container"><div class="kc-wrap-columns"><div class="kc-elm kc-css-7779 kc_col-sm-12 kc-animated kc-animate-eff-fadeIn kc_column kc_col-sm-12"><div class="kc-col-container"><div class="kc-elm kc-css-755650 kc_text_block content-text"></p>
<h4>Masowe stosowanie pestycydów jest wynikiem wyboru społecznego dokonanego po II wojnie światowej, kiedy to produkcja rolna nie była wystarczająca, aby wyżywić całą populację.</h4>
<p>Dziś jednak priorytety się zmieniły i wszyscy troszczymy się o nasze zdrowie i środowisko.</p>
<p>Rośnie świadomość faktu, że pestycydy powodują choroby i zabijają. Dlaczego więc tak trudno jest nam wydostać się z tej sytuacji?</p>
<p>Zastanówmy się nad naszymi codziennymi działaniami i zobowiązaniami: co możemy zrobić, aby chronić siebie i uniknąć kolejnych tragedii?</p>
<p>
</div></div></div></div></div></section>
